[INFO] cloning repository https://github.com/ZapAnton/toy_tracer
[INFO] running `Command { std: "git" "-c" "credential.helper=" "-c" "credential.helper=/workspace/cargo-home/bin/git-credential-null" "clone" "--bare" "https://github.com/ZapAnton/toy_tracer" "/workspace/cache/git-repos/https%3A%2F%2Fgithub.com%2FZapAnton%2Ftoy_tracer", kill_on_drop: false }`
[INFO] [stderr] Cloning into bare repository '/workspace/cache/git-repos/https%3A%2F%2Fgithub.com%2FZapAnton%2Ftoy_tracer'...
[INFO] running `Command { std: "git" "rev-parse" "HEAD", kill_on_drop: false }`
[INFO] [stdout] 81535ad9552f9acfba2d1bad1a730b765bf89de6
[INFO] checking ZapAnton/toy_tracer against try#72f88fc4e9458f89516a0b8b0868f3718aec5b47 for pr-74989
[INFO] running `Command { std: "git" "clone" "/workspace/cache/git-repos/https%3A%2F%2Fgithub.com%2FZapAnton%2Ftoy_tracer" "/workspace/builds/worker-13/source", kill_on_drop: false }`
[INFO] [stderr] Cloning into '/workspace/builds/worker-13/source'...
[INFO] [stderr] done.
[INFO] validating manifest of git repo https://github.com/ZapAnton/toy_tracer on toolchain 72f88fc4e9458f89516a0b8b0868f3718aec5b47
[INFO] running `Command { std: "/workspace/cargo-home/bin/cargo" "+72f88fc4e9458f89516a0b8b0868f3718aec5b47" "read-manifest" "--manifest-path" "Cargo.toml", kill_on_drop: false }`
[INFO] started tweaking git repo https://github.com/ZapAnton/toy_tracer
[INFO] finished tweaking git repo https://github.com/ZapAnton/toy_tracer
[INFO] tweaked toml for git repo https://github.com/ZapAnton/toy_tracer written to /workspace/builds/worker-13/source/Cargo.toml
[INFO] crate git repo https://github.com/ZapAnton/toy_tracer already has a lockfile, it will not be regenerated
[INFO] running `Command { std: "/workspace/cargo-home/bin/cargo" "+72f88fc4e9458f89516a0b8b0868f3718aec5b47" "fetch" "--locked" "--manifest-path" "Cargo.toml", kill_on_drop: false }`
[INFO] [stderr]  Downloading crates ...
[INFO] [stderr]   Downloaded libc v0.2.49
[INFO] running `Command { std: "docker" "create" "-v" "/var/lib/crater-agent-workspace/builds/worker-13/target:/opt/rustwide/target:rw,Z" "-v" "/var/lib/crater-agent-workspace/builds/worker-13/source:/opt/rustwide/workdir:ro,Z" "-v" "/var/lib/crater-agent-workspace/cargo-home:/opt/rustwide/cargo-home:ro,Z" "-v" "/var/lib/crater-agent-workspace/rustup-home:/opt/rustwide/rustup-home:ro,Z" "-e" "SOURCE_DIR=/opt/rustwide/workdir" "-e" "CARGO_TARGET_DIR=/opt/rustwide/target" "-e" "CARGO_HOME=/opt/rustwide/cargo-home" "-e" "RUSTUP_HOME=/opt/rustwide/rustup-home" "-w" "/opt/rustwide/workdir" "-m" "1610612736" "--user" "0:0" "--network" "none" "rustops/crates-build-env@sha256:d92eaeed33fa75130ca1ee6c8a01d1ffb62bac859dfdfb3450e3e5d1c0146529" "/opt/rustwide/cargo-home/bin/cargo" "+72f88fc4e9458f89516a0b8b0868f3718aec5b47" "metadata" "--no-deps" "--format-version=1", kill_on_drop: false }`
[INFO] [stdout] 1d42571bc62525db3199928e7f9b2a52995b0ada0d6df79920c8eac5abf359f4
[INFO] [stderr] WARNING: Your kernel does not support swap limit capabilities or the cgroup is not mounted. Memory limited without swap.
[INFO] running `Command { std: "docker" "start" "-a" "1d42571bc62525db3199928e7f9b2a52995b0ada0d6df79920c8eac5abf359f4", kill_on_drop: false }`
[INFO] running `Command { std: "docker" "inspect" "1d42571bc62525db3199928e7f9b2a52995b0ada0d6df79920c8eac5abf359f4", kill_on_drop: false }`
[INFO] running `Command { std: "docker" "rm" "-f" "1d42571bc62525db3199928e7f9b2a52995b0ada0d6df79920c8eac5abf359f4", kill_on_drop: false }`
[INFO] [stdout] 1d42571bc62525db3199928e7f9b2a52995b0ada0d6df79920c8eac5abf359f4
[INFO] running `Command { std: "docker" "create" "-v" "/var/lib/crater-agent-workspace/builds/worker-13/target:/opt/rustwide/target:rw,Z" "-v" "/var/lib/crater-agent-workspace/builds/worker-13/source:/opt/rustwide/workdir:ro,Z" "-v" "/var/lib/crater-agent-workspace/cargo-home:/opt/rustwide/cargo-home:ro,Z" "-v" "/var/lib/crater-agent-workspace/rustup-home:/opt/rustwide/rustup-home:ro,Z" "-e" "SOURCE_DIR=/opt/rustwide/workdir" "-e" "CARGO_TARGET_DIR=/opt/rustwide/target" "-e" "CARGO_INCREMENTAL=0" "-e" "RUST_BACKTRACE=full" "-e" "RUSTFLAGS=--cap-lints=forbid" "-e" "CARGO_HOME=/opt/rustwide/cargo-home" "-e" "RUSTUP_HOME=/opt/rustwide/rustup-home" "-w" "/opt/rustwide/workdir" "-m" "1610612736" "--user" "0:0" "--network" "none" "rustops/crates-build-env@sha256:d92eaeed33fa75130ca1ee6c8a01d1ffb62bac859dfdfb3450e3e5d1c0146529" "/opt/rustwide/cargo-home/bin/cargo" "+72f88fc4e9458f89516a0b8b0868f3718aec5b47" "check" "--frozen" "--all" "--all-targets" "--message-format=json", kill_on_drop: false }`
[INFO] [stderr] WARNING: Your kernel does not support swap limit capabilities or the cgroup is not mounted. Memory limited without swap.
[INFO] [stdout] 160331d6a2ff0bf89fe006dff6d3ad03d62a2dfb0d490311aed60039e8dbb7ea
[INFO] running `Command { std: "docker" "start" "-a" "160331d6a2ff0bf89fe006dff6d3ad03d62a2dfb0d490311aed60039e8dbb7ea", kill_on_drop: false }`
[INFO] [stderr]     Checking rand_core v0.4.0
[INFO] [stderr]    Compiling autocfg v0.1.2
[INFO] [stderr]    Compiling libc v0.2.49
[INFO] [stderr]     Checking rand_core v0.3.1
[INFO] [stderr]     Checking rand_jitter v0.1.3
[INFO] [stderr]    Compiling rand_chacha v0.1.1
[INFO] [stderr]    Compiling rand_pcg v0.1.2
[INFO] [stderr]    Compiling rand v0.6.5
[INFO] [stderr]     Checking rand_xorshift v0.1.1
[INFO] [stderr]     Checking rand_hc v0.1.0
[INFO] [stderr]     Checking rand_isaac v0.1.1
[INFO] [stderr]     Checking rand_os v0.1.2
[INFO] [stderr]     Checking toy_tracer v0.1.0 (/opt/rustwide/workdir)
[INFO] [stdout] error[E0623]: lifetime mismatch
[INFO] [stdout]   --> src/material.rs:25:17
[INFO] [stdout]    |
[INFO] [stdout] 19 |       fn scatter(&self, ray_in: &Ray, hit_record: &HitRecord) -> Option<ScatteredRay> {
[INFO] [stdout]    |                                                    ---------     --------------------
[INFO] [stdout]    |                                                    |
[INFO] [stdout]    |                                                    this parameter and the return type are declared with different lifetimes...
[INFO] [stdout] ...
[INFO] [stdout] 25 | /                 Some(ScatteredRay {
[INFO] [stdout] 26 | |                     ray: Ray::new(&hit_record.p, &(target - hit_record.p.borrow())),
[INFO] [stdout] 27 | |                     attenuation: albedo,
[INFO] [stdout] 28 | |                 })
[INFO] [stdout]    | |__________________^ ...but data from `hit_record` is returned here
[INFO] [stdout] 
[INFO] [stdout] 
[INFO] [stdout] error[E0623]: lifetime mismatch
[INFO] [stdout]   --> src/material.rs:34:21
[INFO] [stdout]    |
[INFO] [stdout] 19 |       fn scatter(&self, ray_in: &Ray, hit_record: &HitRecord) -> Option<ScatteredRay> {
[INFO] [stdout]    |                                                    ---------     --------------------
[INFO] [stdout]    |                                                    |
[INFO] [stdout]    |                                                    this parameter and the return type are declared with different lifetimes...
[INFO] [stdout] ...
[INFO] [stdout] 34 | /                     Some(ScatteredRay {
[INFO] [stdout] 35 | |                         ray: ray,
[INFO] [stdout] 36 | |                         attenuation: albedo,
[INFO] [stdout] 37 | |                     })
[INFO] [stdout]    | |______________________^ ...but data from `hit_record` is returned here
[INFO] [stdout] 
[INFO] [stdout] 
[INFO] [stdout] error: aborting due to 2 previous errors
[INFO] [stdout] 
[INFO] [stdout] 
[INFO] [stdout] For more information about this error, try `rustc --explain E0623`.
[INFO] [stdout] 
[INFO] [stderr] error: could not compile `toy_tracer`.
[INFO] [stderr] 
[INFO] [stderr] To learn more, run the command again with --verbose.
[INFO] [stderr] warning: build failed, waiting for other jobs to finish...
[INFO] [stdout] error[E0623]: lifetime mismatch
[INFO] [stdout]   --> src/material.rs:25:17
[INFO] [stdout]    |
[INFO] [stdout] 19 |       fn scatter(&self, ray_in: &Ray, hit_record: &HitRecord) -> Option<ScatteredRay> {
[INFO] [stdout]    |                                                    ---------     --------------------
[INFO] [stdout]    |                                                    |
[INFO] [stdout]    |                                                    this parameter and the return type are declared with different lifetimes...
[INFO] [stdout] ...
[INFO] [stdout] 25 | /                 Some(ScatteredRay {
[INFO] [stdout] 26 | |                     ray: Ray::new(&hit_record.p, &(target - hit_record.p.borrow())),
[INFO] [stdout] 27 | |                     attenuation: albedo,
[INFO] [stdout] 28 | |                 })
[INFO] [stdout]    | |__________________^ ...but data from `hit_record` is returned here
[INFO] [stdout] 
[INFO] [stdout] 
[INFO] [stdout] error[E0623]: lifetime mismatch
[INFO] [stdout]   --> src/material.rs:34:21
[INFO] [stdout]    |
[INFO] [stdout] 19 |       fn scatter(&self, ray_in: &Ray, hit_record: &HitRecord) -> Option<ScatteredRay> {
[INFO] [stdout]    |                                                    ---------     --------------------
[INFO] [stdout]    |                                                    |
[INFO] [stdout]    |                                                    this parameter and the return type are declared with different lifetimes...
[INFO] [stdout] ...
[INFO] [stdout] 34 | /                     Some(ScatteredRay {
[INFO] [stdout] 35 | |                         ray: ray,
[INFO] [stdout] 36 | |                         attenuation: albedo,
[INFO] [stdout] 37 | |                     })
[INFO] [stdout]    | |______________________^ ...but data from `hit_record` is returned here
[INFO] [stdout] 
[INFO] [stdout] 
[INFO] [stdout] error: aborting due to 2 previous errors
[INFO] [stdout] 
[INFO] [stdout] 
[INFO] [stdout] For more information about this error, try `rustc --explain E0623`.
[INFO] [stdout] 
[INFO] [stderr] error: build failed
[INFO] running `Command { std: "docker" "inspect" "160331d6a2ff0bf89fe006dff6d3ad03d62a2dfb0d490311aed60039e8dbb7ea", kill_on_drop: false }`
[INFO] running `Command { std: "docker" "rm" "-f" "160331d6a2ff0bf89fe006dff6d3ad03d62a2dfb0d490311aed60039e8dbb7ea", kill_on_drop: false }`
[INFO] [stdout] 160331d6a2ff0bf89fe006dff6d3ad03d62a2dfb0d490311aed60039e8dbb7ea
